{"id":15,"date":"2014-05-01T10:54:51","date_gmt":"2014-05-01T08:54:51","guid":{"rendered":"http:\/\/vetter-bau.com\/wordpress\/?page_id=15"},"modified":"2020-04-19T07:49:42","modified_gmt":"2020-04-19T05:49:42","slug":"leistungen","status":"publish","type":"page","link":"https:\/\/vetter-bau.com\/?page_id=15","title":{"rendered":"Wir gestalten Ihre R\u00e4ume &#8211; kreativ und individuell"},"content":{"rendered":"<p><strong><img loading=\"lazy\" decoding=\"async\" class=\"alignleft wp-image-144\" src=\"https:\/\/vetter-bau.com\/wordpress\/wp-content\/uploads\/2020\/04\/daniele-marzocchi.jpg\" alt=\"\" width=\"147\" height=\"200\" srcset=\"https:\/\/vetter-bau.com\/wordpress\/wp-content\/uploads\/2020\/04\/daniele-marzocchi.jpg 209w, https:\/\/vetter-bau.com\/wordpress\/wp-content\/uploads\/2020\/04\/daniele-marzocchi-110x150.jpg 110w\" sizes=\"auto, (max-width: 147px) 100vw, 147px\" \/>Gesch\u00e4ftsf\u00fchrer Daniele Marzocchi kann auf eine jahrzehntelange Erfahrung in der Baubranche zur\u00fcckblicken.<\/strong><\/p>\n<p>Als Inhaber der Firma <strong>VETTER-BAU<\/strong> in Frankfurt am Main bietet er mit gro\u00dfer Erfahrung und Fachexpertise seit vielen Jahren ein breites Spektrum an Baudienstleistungen vom Keller bis zum Dach an. Wir gestalten Ihre R\u00e4ume &#8211; kreativ und individuell!<\/p>\n<p>Im Jahr 2019 machte Herr Marzocchi zus\u00e4tzlich die Fortbildung und Pr\u00fcfung zur<strong> Fachkraft f\u00fcr Schimmelbeseitung<\/strong>, zertifiziert durch die DEKRA Zertifikations GmbH.<\/p>\n<p><strong>Weitere Informationen:<\/strong> <a href=\"https:\/\/www.schimmelentfernung-rhein-main.de\" target=\"_blank\" rel=\"noopener noreferrer\">www.schimmelentfernung-rhein-main.de<\/a><\/p>\n","protected":false},"excerpt":{"rendered":"<p>Gesch\u00e4ftsf\u00fchrer Daniele Marzocchi kann auf eine jahrzehntelange Erfahrung in der Baubranche zur\u00fcckblicken. Als Inhaber der Firma VETTER-BAU in Frankfurt am Main bietet er mit gro\u00dfer Erfahrung und Fachexpertise seit vielen Jahren ein breites Spektrum an Baudienstleistungen vom Keller bis zum Dach an. Wir gestalten Ihre R\u00e4ume &#8211; kreativ und individuell!\u2026<\/p>\n<p> <a class=\"continue-reading-link\" href=\"https:\/\/vetter-bau.com\/?page_id=15\"><span>Continue reading<\/span><i class=\"crycon-right-dir\"><\/i><\/a> <\/p>\n","protected":false},"author":1,"featured_media":0,"parent":0,"menu_order":0,"comment_status":"closed","ping_status":"closed","template":"","meta":{"footnotes":""},"class_list":["post-15","page","type-page","status-publish","hentry"],"_links":{"self":[{"href":"https:\/\/vetter-bau.com\/index.php?rest_route=\/wp\/v2\/pages\/15","targetHints":{"allow":["GET"]}}],"collection":[{"href":"https:\/\/vetter-bau.com\/index.php?rest_route=\/wp\/v2\/pages"}],"about":[{"href":"https:\/\/vetter-bau.com\/index.php?rest_route=\/wp\/v2\/types\/page"}],"author":[{"embeddable":true,"href":"https:\/\/vetter-bau.com\/index.php?rest_route=\/wp\/v2\/users\/1"}],"replies":[{"embeddable":true,"href":"https:\/\/vetter-bau.com\/index.php?rest_route=%2Fwp%2Fv2%2Fcomments&post=15"}],"version-history":[{"count":24,"href":"https:\/\/vetter-bau.com\/index.php?rest_route=\/wp\/v2\/pages\/15\/revisions"}],"predecessor-version":[{"id":184,"href":"https:\/\/vetter-bau.com\/index.php?rest_route=\/wp\/v2\/pages\/15\/revisions\/184"}],"wp:attachment":[{"href":"https:\/\/vetter-bau.com\/index.php?rest_route=%2Fwp%2Fv2%2Fmedia&parent=15"}],"curies":[{"name":"wp","href":"https:\/\/api.w.org\/{rel}","templated":true}]}}

Wir gestalten Ihre Räume &#8211; kreativ und individuell

<p><strong><img loading="lazy" decoding="async" class="alignleft wp-image-144" src="https://vetter-bau.com/wordpress/wp-content/uploads/2020/04/daniele-marzocchi.jpg" alt="" width="147" height="200" srcset="https://vetter-bau.com/wordpress/wp-content/uploads/2020/04/daniele-marzocchi.jpg 209w, https://vetter-bau.com/wordpress/wp-content/uploads/2020/04/daniele-marzocchi-110x150.jpg 110w" sizes="auto, (max-width: 147px) 100vw, 147px" />Geschäftsführer Daniele Marzocchi kann auf eine jahrzehntelange Erfahrung in der Baubranche zurückblicken.</strong></p>
<p>Als Inhaber der Firma <strong>VETTER-BAU</strong> in Frankfurt am Main bietet er mit großer Erfahrung und Fachexpertise seit vielen Jahren ein breites Spektrum an Baudienstleistungen vom Keller bis zum Dach an. Wir gestalten Ihre Räume &#8211; kreativ und individuell!</p>
<p>Im Jahr 2019 machte Herr Marzocchi zusätzlich die Fortbildung und Prüfung zur<strong> Fachkraft für Schimmelbeseitung</strong>, zertifiziert durch die DEKRA Zertifikations GmbH.</p>
<p><strong>Weitere Informationen:</strong> <a href="https://www.schimmelentfernung-rhein-main.de" target="_blank" rel="noopener noreferrer">www.schimmelentfernung-rhein-main.de</a></p>

<p>Geschäftsführer Daniele Marzocchi kann auf eine jahrzehntelange Erfahrung in der Baubranche zurückblicken. Als Inhaber der Firma VETTER-BAU in Frankfurt am Main bietet er mit großer Erfahrung und Fachexpertise seit vielen Jahren ein breites Spektrum an Baudienstleistungen vom Keller bis zum Dach an. Wir gestalten Ihre Räume &#8211; kreativ und individuell!…</p>
<p> <a class="continue-reading-link" href="https://vetter-bau.com/?page_id=15"><span>Continue reading</span><i class="crycon-right-dir"></i></a> </p>
