{"id":125,"date":"2020-04-14T12:49:05","date_gmt":"2020-04-14T10:49:05","guid":{"rendered":"https:\/\/vetter-bau.com\/?page_id=125"},"modified":"2020-04-15T09:44:05","modified_gmt":"2020-04-15T07:44:05","slug":"schimmelsanierung","status":"publish","type":"page","link":"https:\/\/vetter-bau.com\/?page_id=125","title":{"rendered":"Ihre Gesundheit im Blick"},"content":{"rendered":"<p><a href=\"https:\/\/www.schimmelentfernung-rhein-main.de\/\" target=\"_blank\" rel=\"noopener noreferrer\"><img loading=\"lazy\" decoding=\"async\" class=\"alignleft wp-image-126 size-full\" src=\"https:\/\/vetter-bau.com\/wordpress\/wp-content\/uploads\/2020\/04\/schimmelentfernung-rhein-main.jpg\" alt=\"schimmelentfernung-rhein-main\" width=\"283\" height=\"90\" srcset=\"https:\/\/vetter-bau.com\/wordpress\/wp-content\/uploads\/2020\/04\/schimmelentfernung-rhein-main.jpg 283w, https:\/\/vetter-bau.com\/wordpress\/wp-content\/uploads\/2020\/04\/schimmelentfernung-rhein-main-250x80.jpg 250w, https:\/\/vetter-bau.com\/wordpress\/wp-content\/uploads\/2020\/04\/schimmelentfernung-rhein-main-150x48.jpg 150w\" sizes=\"auto, (max-width: 283px) 100vw, 283px\" \/><\/a>Im Jahr 2019 machte Herr Marzocchi die Fortbildung und Pr\u00fcfung zur<a href=\"https:\/\/www.schimmelentfernung-rhein-main.de\/wp-content\/uploads\/2020\/04\/zertifikat-dekra-schimmelpilzbeseitigung.pdf\" target=\"_blank\" rel=\"noopener noreferrer\"><strong> Fachkraft f\u00fcr Schimmelbeseitung<\/strong><\/a>, zertifiziert durch die DEKRA Zertifikations GmbH und gr\u00fcndete die MSE Schimmelsanierung Rhein-Main.<\/p>\n<p><a href=\"https:\/\/vetter-bau.com\/wordpress\/wp-content\/uploads\/2020\/04\/zertifikat-dekra-schimmelpilzbeseitigung.pdf\" target=\"_blank\" rel=\"noopener noreferrer\"><img loading=\"lazy\" decoding=\"async\" class=\"alignleft wp-image-166\" src=\"https:\/\/vetter-bau.com\/wordpress\/wp-content\/uploads\/2020\/04\/zertifikat-dekra.jpg\" alt=\"\" width=\"120\" height=\"180\" srcset=\"https:\/\/vetter-bau.com\/wordpress\/wp-content\/uploads\/2020\/04\/zertifikat-dekra.jpg 150w, https:\/\/vetter-bau.com\/wordpress\/wp-content\/uploads\/2020\/04\/zertifikat-dekra-100x150.jpg 100w\" sizes=\"auto, (max-width: 120px) 100vw, 120px\" \/><\/a>Nach professioneller Ermittlung der Ursache des Schimmelbefalls durch Herrn Marzocchi, erhalten Sie\u00a0 von uns eine \u2013 individuell auf Ihre Situation \u2013 zugeschnittene Sanierungsma\u00dfnahme.<\/p>\n<p><strong>Weitere Informationen:<\/strong> <a href=\"https:\/\/www.schimmelentfernung-rhein-main.de\/\" target=\"_blank\" rel=\"noopener noreferrer\">www.schimmelentfernung-rhein-main.de<\/a><\/p>\n<p>&nbsp;<\/p>\n","protected":false},"excerpt":{"rendered":"<p>Im Jahr 2019 machte Herr Marzocchi die Fortbildung und Pr\u00fcfung zur Fachkraft f\u00fcr Schimmelbeseitung, zertifiziert durch die DEKRA Zertifikations GmbH und gr\u00fcndete die MSE Schimmelsanierung Rhein-Main. Nach professioneller Ermittlung der Ursache des Schimmelbefalls durch Herrn Marzocchi, erhalten Sie\u00a0 von uns eine \u2013 individuell auf Ihre Situation \u2013 zugeschnittene Sanierungsma\u00dfnahme. Weitere\u2026<\/p>\n<p> <a class=\"continue-reading-link\" href=\"https:\/\/vetter-bau.com\/?page_id=125\"><span>Continue reading<\/span><i class=\"crycon-right-dir\"><\/i><\/a> <\/p>\n","protected":false},"author":1,"featured_media":0,"parent":0,"menu_order":0,"comment_status":"closed","ping_status":"closed","template":"","meta":{"footnotes":""},"class_list":["post-125","page","type-page","status-publish","hentry"],"_links":{"self":[{"href":"https:\/\/vetter-bau.com\/index.php?rest_route=\/wp\/v2\/pages\/125","targetHints":{"allow":["GET"]}}],"collection":[{"href":"https:\/\/vetter-bau.com\/index.php?rest_route=\/wp\/v2\/pages"}],"about":[{"href":"https:\/\/vetter-bau.com\/index.php?rest_route=\/wp\/v2\/types\/page"}],"author":[{"embeddable":true,"href":"https:\/\/vetter-bau.com\/index.php?rest_route=\/wp\/v2\/users\/1"}],"replies":[{"embeddable":true,"href":"https:\/\/vetter-bau.com\/index.php?rest_route=%2Fwp%2Fv2%2Fcomments&post=125"}],"version-history":[{"count":4,"href":"https:\/\/vetter-bau.com\/index.php?rest_route=\/wp\/v2\/pages\/125\/revisions"}],"predecessor-version":[{"id":169,"href":"https:\/\/vetter-bau.com\/index.php?rest_route=\/wp\/v2\/pages\/125\/revisions\/169"}],"wp:attachment":[{"href":"https:\/\/vetter-bau.com\/index.php?rest_route=%2Fwp%2Fv2%2Fmedia&parent=125"}],"curies":[{"name":"wp","href":"https:\/\/api.w.org\/{rel}","templated":true}]}}

<p><a href="https://www.schimmelentfernung-rhein-main.de/" target="_blank" rel="noopener noreferrer"><img loading="lazy" decoding="async" class="alignleft wp-image-126 size-full" src="https://vetter-bau.com/wordpress/wp-content/uploads/2020/04/schimmelentfernung-rhein-main.jpg" alt="schimmelentfernung-rhein-main" width="283" height="90" srcset="https://vetter-bau.com/wordpress/wp-content/uploads/2020/04/schimmelentfernung-rhein-main.jpg 283w, https://vetter-bau.com/wordpress/wp-content/uploads/2020/04/schimmelentfernung-rhein-main-250x80.jpg 250w, https://vetter-bau.com/wordpress/wp-content/uploads/2020/04/schimmelentfernung-rhein-main-150x48.jpg 150w" sizes="auto, (max-width: 283px) 100vw, 283px" /></a>Im Jahr 2019 machte Herr Marzocchi die Fortbildung und Prüfung zur<a href="https://www.schimmelentfernung-rhein-main.de/wp-content/uploads/2020/04/zertifikat-dekra-schimmelpilzbeseitigung.pdf" target="_blank" rel="noopener noreferrer"><strong> Fachkraft für Schimmelbeseitung</strong></a>, zertifiziert durch die DEKRA Zertifikations GmbH und gründete die MSE Schimmelsanierung Rhein-Main.</p>
<p><a href="https://vetter-bau.com/wordpress/wp-content/uploads/2020/04/zertifikat-dekra-schimmelpilzbeseitigung.pdf" target="_blank" rel="noopener noreferrer"><img loading="lazy" decoding="async" class="alignleft wp-image-166" src="https://vetter-bau.com/wordpress/wp-content/uploads/2020/04/zertifikat-dekra.jpg" alt="" width="120" height="180" srcset="https://vetter-bau.com/wordpress/wp-content/uploads/2020/04/zertifikat-dekra.jpg 150w, https://vetter-bau.com/wordpress/wp-content/uploads/2020/04/zertifikat-dekra-100x150.jpg 100w" sizes="auto, (max-width: 120px) 100vw, 120px" /></a>Nach professioneller Ermittlung der Ursache des Schimmelbefalls durch Herrn Marzocchi, erhalten Sie  von uns eine – individuell auf Ihre Situation – zugeschnittene Sanierungsmaßnahme.</p>
<p><strong>Weitere Informationen:</strong> <a href="https://www.schimmelentfernung-rhein-main.de/" target="_blank" rel="noopener noreferrer">www.schimmelentfernung-rhein-main.de</a></p>
<p>&nbsp;</p>

<p>Im Jahr 2019 machte Herr Marzocchi die Fortbildung und Prüfung zur Fachkraft für Schimmelbeseitung, zertifiziert durch die DEKRA Zertifikations GmbH und gründete die MSE Schimmelsanierung Rhein-Main. Nach professioneller Ermittlung der Ursache des Schimmelbefalls durch Herrn Marzocchi, erhalten Sie  von uns eine – individuell auf Ihre Situation – zugeschnittene Sanierungsmaßnahme. Weitere…</p>
<p> <a class="continue-reading-link" href="https://vetter-bau.com/?page_id=125"><span>Continue reading</span><i class="crycon-right-dir"></i></a> </p>
